7
Suppose 5*h - 4*d - 395 = 0, 2*h = -5*d + d + 158. List the prime factors of h.
79
What are the prime factors of 1/2 + (-545)/(-2)?
3, 7, 13
Let i(l) = -4*l - 10. Suppose -3*d = -3*h - 27, 3*h = 6*h + d + 19. Let g be i(h). List the prime factors of g/5*30/9.
2, 3
Let s = -2 + 4. Suppose 5*i - 125 = 5*h, -6*i + 56 = -s*h - 2*i. Let j = -9 - h. List the prime factors of j.
13
Suppose 0 = z - 14 - 4. Let k = z - 5. List the prime factors of k.
13
Let j = 19 + -39. Let c = -12 - j. List the prime factors of c.
2
Let z be 4/(-6)*87/(-2). Let j = 15 - z. Let t = 20 + j. What are the prime factors of t?
2, 3
List the prime factors of 57 - (1 + -1 + 1).
2, 7
Let v(r) = -15*r - 11 + 7*r + 5*r. List the prime factors of v(-5).
2
Let j(h) = h**3 - 5*h**2 + 2*h - 6. Let k be j(5). Suppose b + 4 = -p, 0 = -4*p - 0*b + b + k. List the prime factors of (-3)/(-3)*p - -10.
2, 5
Let q(o) = o**2 + 1. Let y(g) = g**2 - g. Let m(r) = 2*q(r) - y(r). Let j be m(-2). Suppose 0*p = j*p - 56. List the prime factors of p.
2, 7
Suppose 9 = 4*r + i, 3*r + 4*i - 11 = -1. Suppose -j = -3, 3*b - 5*b - r*j = -10. What are the prime factors of (1 + -5)/(b/(-8))?
2
Let k(d) = 6*d**2 - d - 5. Let o(w) = 4*w**2 - 4*w**2 + 5*w**2 - 5. Let y(h) = -4*k(h) + 5*o(h). What are the prime factors of y(-6)?
7
Let k(v) = v**3 - 7*v**2 - 9*v + 8. Let n be k(8). Suppose 3*m - 5*l + 5 = n, 7 - 23 = -4*m + l. What are the prime factors of m?
5
Suppose 0 = -p - 2*p + 69. List the prime factors of p.
23
Let v = 457 + -171. What are the prime factors of v?
2, 11, 13
Suppose -h + 75 = 2*h. What are the prime factors of h?
5
Let t(j) = -j**2 + 14*j - 23. What are the prime factors of t(8)?
5
Suppose 0 = -4*i + 2*x - 9 - 15, -2*i = x + 16. Let m = -7 - i. Suppose m*d - 3 = -d. List the prime factors of d.
3
Let n(r) be the first derivative of r**2/2 + 5*r + 5. What are the prime factors of n(5)?
2, 5
Let c = -3 - -4. Suppose -2*j = -37 - c. What are the prime factors of j?
19
Suppose 0 = -4*l + f + 44, 3*l + 3*f - 6 = 27. List the prime factors of l.
11
Let w(i) = -4*i**3 + 2*i**2 + 2*i. Let c be w(-2). Let d = 60 - c. What are the prime factors of d?
2, 3
Suppose g = 5 - 0. Suppose -a = 2*m + 3, 0 = 3*a + g*m - 3*m + 1. Let c = a + 10. What are the prime factors of c?
11
Let n(f) = 12*f**3 + 3*f - 3. What are the prime factors of n(2)?
3, 11
Suppose -5*m = -2*c - c + 12, -3*m + 12 = 3*c. Suppose 5*z - 24 - 26 = m. Suppose -5*o + 12 = b, 5*b - 3*o - 22 = z. List the prime factors of b.
7
Suppose 0 = 2*k - 6 - 4. Suppose 5 = 4*v + k*q, -2*v + 0*v - 5*q - 5 = 0. Suppose v*c - 4*d = 40, -4*c + 2*d + 29 = -9. What are the prime factors of c?
2, 3
Suppose -2*z + 2*c + 122 = 2*z, 5*z + 3*c - 158 = 0. What are the prime factors of z?
31
Let g(l) = l**2 - 2*l + 2. Let y be g(2). Suppose 0 = 3*h - y*k - 6, 6 = 2*k - 0*k. What are the prime factors of h?
2
Suppose -3*f + 101 + 16 = 0. List the prime factors of f.
3, 13
Suppose -4*s + 5 = -19. What are the prime factors of 45/6 + s/4?
3
Let q be ((-5)/10)/(2/(-172)). List the prime factors of (q - 0) + (-3 - 0).
2, 5
Suppose 2*n = 5*n. Let a = 12 + n. Suppose 2*y - 4*y - 4*r = -a, -3*y + 18 = 5*r. List the prime factors of y.
2, 3
Suppose 0 = -i - 4, 4*m - 4 - 4 = -i. What are the prime factors of 16/(m + -2) + 2?
2, 3
What are the prime factors of (-14042)/(-182) - (-4)/(-26)?
7, 11
Let m = 16 - 23. Let z = m - -12. Suppose 3*t = 4*o + 20, 2*t + 2*t = z*o + 27. List the prime factors of t.
2
Suppose 18 + 262 = 4*r. What are the prime factors of r?
2, 5, 7
Suppose 4 + 31 = 3*f - 4*j, 0 = 5*f + j - 89. Suppose 5*r - f + 47 = 0. Let v = 9 + r. What are the prime factors of v?
3
Suppose 17 - 53 = -3*v. Let i = v + 20. Suppose 6*y - 13 = 2*k + y, 2*k + 4*y - i = 0. List the prime factors of k.
2, 3
Let s be 80/35 - 2/7. Suppose -3*p = -p - 5*w - 9, 0 = -p - s*w. Suppose -3*z + 7 = 2*o - p, -16 = -5*z - 3*o. What are the prime factors of z?
5
Suppose 3*p + 65 = 248. What are the prime factors of p?
61
Let x(n) = -n**2 + 10*n - 7. Let a = -14 - -23. List the prime factors of x(a).
2
Suppose -j + 0*h + h + 12 = 0, -4*h - 61 = -5*j. What are the prime factors of j?
13
Suppose -4*n + 6 = -n. Suppose n*d - 125 = -23. List the prime factors of d.
3, 17
Suppose -85 = -3*l - 7. Let v(z) = z**3 + 6*z**2 + 4*z - 3. Let u be v(-5). Suppose u*y - l = -0*y. List the prime factors of y.
13
Let f be 10/15 + 14/(-3). What are the prime factors of f/8 - 33/(-6)?
5
Suppose -4*v + 6 + 10 = 0. Let x(h) = h**2 + 9*h - 1 - v*h + 4. What are the prime factors of x(-5)?
3
Let n(u) = 7*u - 7. List the prime factors of n(8).
7
Suppose 0 = -y + 5*i + 5, -2*i + 5*i + 3 = -4*y. Suppose -a + y = -6. Let b(m) = 2*m - 1. What are the prime factors of b(a)?
11
Let b = 90 + -63. Let n = b - -15. What are the prime factors of n?
2, 3, 7
What are the prime factors of 75 + (-5 - 10)/3?
2, 5, 7
Let f be (-16 + -18)/(1 - 0). Let l = -12 - f. List the prime factors of l.
2, 11
Suppose 4*x = -3*f + 542 + 625, -4*x = -5*f - 1127. What are the prime factors of x?
2, 3
Suppose 0*x + 2*x - 4 = 0. Suppose 4*m = 2 + x, 208 = 4*k + 4*m. What are the prime factors of k?
3, 17
Suppose 3*h - 22 = 2*l - 2*h, -5*l + 5*h - 40 = 0. Let z(a) = -a + 6. What are the prime factors of z(l)?
2, 3
Suppose -2*z = -5 - 1. Let b(o) = -o**3 + 5*o**2 - 3*o + 2. List the prime factors of b(z).
11
Suppose -s - 3 = 3*z - 5, 5*z + 20 = 3*s. Suppose 2*o + s = -3*j + 36, o = -j + 13. What are the prime factors of o?
2
Suppose 5*f = 3*a - 18, -f + 0 = 5*a - 2. Let d(v) = v**2 - 3*v + 2. Let y be d(f). Suppose 5*g + 22 = q, 0*g - y = -2*q + 4*g. List the prime factors of q.
2
Let f = 3 - 0. List the prime factors of 2/2 - f*-4.
13
Let w(n) = n**3 - 4*n**2 - n - 6. Let p be w(5). Let v = p + -5. Let y(c) = -c**2 + 10*c + 9. List the prime factors of y(v).
2, 3
Let q = 0 - -2. Suppose -q*d - g = 0, 0 = d - 2*g - 4 - 1. List the prime factors of ((2 - d) + -2)*-7.
7
Let o(n) = 19*n - 8. What are the prime factors of o(7)?
5
Let g(x) = 5*x - 7. Suppose 4*h = 5*u - 12, 3*u + 2*h - 2 = 7*h. List the prime factors of g(u).
13
Let y = 41 + -4. Suppose -5*x + 19 = -2*r, 5*x - y = -5*r + 3. Suppose 2*b + 6 = x*b. List the prime factors of b.
2
Let v = -9 + 23. What are the prime factors of v?
2, 7
Let j be (-6)/(-4) + 3/6. Let h be (1 + -1)/((-4)/2). Let m = j - h. What are the prime factors of m?
2
Suppose -19*a + 15*a + 336 = 0. What are the prime factors of a?
2, 3, 7
Let j(r) be the third derivative of -r**5/60 - r**4/4 + r**3/3 + 2*r**2. Let u be j(-6). What are the prime factors of (-4)/(-1) + u + 1?
7
What are the prime factors of (4/(-8))/(5/(-1590))?
3, 53
Suppose -3*n + 2 = 2*p - 4*p, -5*p - n + 29 = 0. Suppose 8 = p*h - 87. What are the prime factors of h?
19
Let a(f) be the second derivative of f**5/20 + f**4/2 + f**3 - 5*f**2/2 - 3*f. Let b be a(-5). What are the prime factors of 45/b*(-4)/6?
3
Let g = -11 + 15. Suppose g*b - 66 + 26 = 0. What are the prime factors of b?
2, 5
Let v(s) = 4*s**2 + 2*s - 4. What are the prime factors of v(-3)?
2, 13
Suppose 2*o = -0*k + 3*k + 25, -o = 3*k + 1. List the prime factors of o.
2
Let k(x) = -x**3 - 4*x**2 - 4*x. Let q = -6 + 3. List the prime factors of k(q).
3
Let j(x) = x**2 - 4*x - 6. Let z be j(6). Suppose 0 = t - z*t + 5. What are the prime factors of t - ((-54)/3)/2?
2, 5
Let t(p) = 7*p - 15. List the prime factors of t(7).
2, 17
Let z be (-8)/(2/(1*-2)). Let s be (-6)/z - (-75)/20. Suppose -5*i = s*f - 33, 5*i - f - 18 - 11 = 0. What are the prime factors of i?
2, 3
Let a = 0 - 0. Let u(z) = 3*z**2 + a - 10*z + 0 - 4*z**2. What are the prime factors of u(-7)?
3, 7
Suppose -3*l + 10 = -23. Let h(g) = g**3 - 11*g**2 + 3. Let t be h(l). List the prime factors of (-9)/6*(-26)/t.
13
Suppose 0 = 2*p, -4*q - 110 - 38 = 5*p. Let k = -16 - q. What are the prime factors of k?
3, 7
List the prime factors of (-8 - -10)/((3/70)/3).
2, 5, 7
Let s(x) = 13*x**3 + x**2 + x - 1. Let n be s(1). Let g be (-354)/n - (-12)/42. Let d = 35 + g. What are the prime factors of d?
2, 5
Let k = -19 + 35. List the prime factors of k.
2
Suppose 2*b - 8 = 4*b. Let z = b - -17. List the prime factors of z.
13
Let c(n) be the first derivative of n**5/120 - n**4/12 - n**3/3 + 1. Let f(p) be the third derivative of